{"id":169,"date":"2023-03-22T14:28:11","date_gmt":"2023-03-22T13:28:11","guid":{"rendered":"https:\/\/svcertification.com\/peru\/?page_id=169"},"modified":"2026-04-09T10:24:31","modified_gmt":"2026-04-09T08:24:31","slug":"certificacion-de-sistemas-de-gestion-de-la-seguridad-informatica","status":"publish","type":"page","link":"https:\/\/svcertification.com\/peru\/certificacion-de-sistemas-de-gestion-de-la-seguridad-informatica\/","title":{"rendered":"Certificaci\u00f3n de sistemas de gesti\u00f3n de la seguridad inform\u00e1tica"},"content":{"rendered":"\n<h1 class=\"wp-block-heading\">Certificaci\u00f3n de sistemas de gesti\u00f3n de la seguridad inform\u00e1tica<\/h1>\n\n\n\n<h4 class=\"wp-block-heading has-ast-global-color-1-color has-text-color\"><strong>ISO 27001:2022<\/strong><\/h4>\n\n\n\n<p>La norma ISO 27001 publicada en 2013 fue traducida al italiano y convertida en norma UNI en marzo de 2014 como ISO\/IEC 27001:2022 \u2013 Tecnolog\u00edas de TI \u2013 Tecnolog\u00eda de seguridad \u2013 Sistemas de gesti\u00f3n de seguridad de TI \u2013 Requisitos.<\/p>\n\n\n\n<p><strong>Est\u00e1ndar<\/strong><\/p>\n\n\n\n<p><strong>ISO\/IEC 27001:2022\/Amd 1:2024<\/strong><\/p>\n\n\n\n<p>Seguridad de la informaci\u00f3n, seguridad inform\u00e1tica y protecci\u00f3n de la privacidad \u2014 Sistemas de gesti\u00f3n de la seguridad de la informaci\u00f3n \u2014 Requisitos<\/p>\n\n\n\n<p><strong>Enmienda 1: Modificaciones relativas a la acci\u00f3n por el clima<\/strong><\/p>\n\n\n\n<p>Es importante concienciar (tanto a la propia empresa como a quienes utilizan los servicios\/productos que ofrece la misma) de que la informaci\u00f3n es un bien a proteger;&nbsp;esto garantiza las bases legales y contractuales y promueve la confianza en el contacto con los clientes, las organizaciones p\u00fablicas y el comercio electr\u00f3nico.<\/p>\n","protected":false},"excerpt":{"rendered":"<p>Certificaci\u00f3n de sistemas de gesti\u00f3n de la seguridad inform\u00e1tica ISO 27001:2022 La norma ISO 27001 publicada en 2013 fue traducida al italiano y convertida en norma UNI en marzo de 2014 como ISO\/IEC 27001:2022 \u2013 Tecnolog\u00edas de TI \u2013 Tecnolog\u00eda de seguridad \u2013 Sistemas de gesti\u00f3n de seguridad de TI \u2013 Requisitos. Est\u00e1ndar ISO\/IEC 27001:2022\/Amd [&hellip;]<\/p>\n","protected":false},"author":4,"featured_media":300,"parent":0,"menu_order":0,"comment_status":"closed","ping_status":"closed","template":"","meta":{"site-sidebar-layout":"default","site-content-layout":"","ast-site-content-layout":"default","site-content-style":"default","site-sidebar-style":"default","ast-global-header-display":"","ast-banner-title-visibility":"","ast-main-header-display":"","ast-hfb-above-header-display":"","ast-hfb-below-header-display":"","ast-hfb-mobile-header-display":"","site-post-title":"disabled","ast-breadcrumbs-content":"","ast-featured-img":"","footer-sml-layout":"","ast-disable-related-posts":"","theme-transparent-header-meta":"","adv-header-id-meta":"","stick-header-meta":"","header-above-stick-meta":"","header-main-stick-meta":"","header-below-stick-meta":"","astra-migrate-meta-layouts":"set","ast-page-background-enabled":"default","ast-page-background-meta":{"desktop":{"background-color":"var(--ast-global-color-4)","background-image":"","background-repeat":"repeat","background-position":"center center","background-size":"auto","background-attachment":"scroll","background-type":"","background-media":"","overlay-type":"","overlay-color":"","overlay-opacity":"","overlay-gradient":""},"tablet":{"background-color":"","background-image":"","background-repeat":"repeat","background-position":"center center","background-size":"auto","background-attachment":"scroll","background-type":"","background-media":"","overlay-type":"","overlay-color":"","overlay-opacity":"","overlay-gradient":""},"mobile":{"background-color":"","background-image":"","background-repeat":"repeat","background-position":"center center","background-size":"auto","background-attachment":"scroll","background-type":"","background-media":"","overlay-type":"","overlay-color":"","overlay-opacity":"","overlay-gradient":""}},"ast-content-background-meta":{"desktop":{"background-color":"var(--ast-global-color-5)","background-image":"","background-repeat":"repeat","background-position":"center center","background-size":"auto","background-attachment":"scroll","background-type":"","background-media":"","overlay-type":"","overlay-color":"","overlay-opacity":"","overlay-gradient":""},"tablet":{"background-color":"var(--ast-global-color-5)","background-image":"","background-repeat":"repeat","background-position":"center center","background-size":"auto","background-attachment":"scroll","background-type":"","background-media":"","overlay-type":"","overlay-color":"","overlay-opacity":"","overlay-gradient":""},"mobile":{"background-color":"var(--ast-global-color-5)","background-image":"","background-repeat":"repeat","background-position":"center center","background-size":"auto","background-attachment":"scroll","background-type":"","background-media":"","overlay-type":"","overlay-color":"","overlay-opacity":"","overlay-gradient":""}},"footnotes":""},"class_list":["post-169","page","type-page","status-publish","has-post-thumbnail","hentry"],"_links":{"self":[{"href":"https:\/\/svcertification.com\/peru\/wp-json\/wp\/v2\/pages\/169","targetHints":{"allow":["GET"]}}],"collection":[{"href":"https:\/\/svcertification.com\/peru\/wp-json\/wp\/v2\/pages"}],"about":[{"href":"https:\/\/svcertification.com\/peru\/wp-json\/wp\/v2\/types\/page"}],"author":[{"embeddable":true,"href":"https:\/\/svcertification.com\/peru\/wp-json\/wp\/v2\/users\/4"}],"replies":[{"embeddable":true,"href":"https:\/\/svcertification.com\/peru\/wp-json\/wp\/v2\/comments?post=169"}],"version-history":[{"count":2,"href":"https:\/\/svcertification.com\/peru\/wp-json\/wp\/v2\/pages\/169\/revisions"}],"predecessor-version":[{"id":464,"href":"https:\/\/svcertification.com\/peru\/wp-json\/wp\/v2\/pages\/169\/revisions\/464"}],"wp:featuredmedia":[{"embeddable":true,"href":"https:\/\/svcertification.com\/peru\/wp-json\/wp\/v2\/media\/300"}],"wp:attachment":[{"href":"https:\/\/svcertification.com\/peru\/wp-json\/wp\/v2\/media?parent=169"}],"curies":[{"name":"wp","href":"https:\/\/api.w.org\/{rel}","templated":true}]}}