{"id":254,"date":"2023-05-10T09:38:27","date_gmt":"2023-05-10T07:38:27","guid":{"rendered":"https:\/\/svcertification.com\/peru\/?page_id=254"},"modified":"2023-05-10T17:19:48","modified_gmt":"2023-05-10T15:19:48","slug":"directiva-sobre-equipos-a-presion-ped-2014-68-ue","status":"publish","type":"page","link":"https:\/\/svcertification.com\/peru\/directiva-sobre-equipos-a-presion-ped-2014-68-ue\/","title":{"rendered":"Directiva sobre Equipos a Presi\u00f3n (PED) &#8211; 2014\/68\/UE"},"content":{"rendered":"\n<h1 class=\"wp-block-heading\">Directiva sobre Equipos a Presi\u00f3n (PED) &#8211; 2014\/68\/UE<\/h1>\n\n\n\n<p>En general, para que un producto pueda ser comercializado libremente, es necesario que cumpla con los requisitos de seguridad establecidos por las directivas comunitarias y requeridos por normativas espec\u00edficas. Las directivas comunitarias establecen que, para determinados tipos de productos, el fabricante necesita una certificaci\u00f3n espec\u00edfica del producto antes de poder proceder con la venta y la comercializaci\u00f3n en el mercado.<\/p>\n\n\n\n<p>Para obtener dicha certificaci\u00f3n es posible acudir a un Organismo Notificado, iniciando as\u00ed el proceso de CERTIFICACI\u00d3N OBLIGATORIA.<\/p>\n\n\n\n<p>Otros tipos de productos, en cambio, no requieren certificaci\u00f3n obligatoria. En este caso, el fabricante comercializa el producto bajo su propia responsabilidad garantizando el cumplimiento de todos los requisitos legislativos establecidos.<\/p>\n\n\n\n<p>La Directiva 2014\/68\/UE del 15 de mayo de 2014 relativa a la armonizaci\u00f3n de las legislaciones de los Estados miembros sobre la puesta a disposici\u00f3n en el mercado de equipos a presi\u00f3n, entr\u00f3 oficialmente en vigor el 19 de julio de 2016, sustituyendo definitivamente la Directiva 97\/23\/CE del Parlamento Europeo y del Consejo del 29 de mayo de 1997.<\/p>\n\n\n\n<p>Esta directiva se aplica a los equipos a presi\u00f3n con una presi\u00f3n m\u00e1xima admisible PS superior a 0,5 bar. Los equipos a presi\u00f3n sometidos a una presi\u00f3n inferior o igual a 0,5 bar no presentan riesgos significativos relacionados con la presi\u00f3n y su libre circulaci\u00f3n en la Uni\u00f3n no deber\u00eda ser obstaculizada.<\/p>\n\n\n\n<p>En el momento de su comercializaci\u00f3n, los fabricantes garantizan que se han adoptado todas las disposiciones adecuadas para asegurar que los equipos a presi\u00f3n y los conjuntos cumplan con los requisitos de esta Directiva en caso de una instalaci\u00f3n y mantenimiento adecuados y un uso conforme a su destino.<\/p>\n\n\n\n<p>En este contexto, Vericert, como organismo de certificaci\u00f3n de tercera parte, se encarga de las certificaciones CE de equipos a presi\u00f3n mencionados en el Art.1, mediante los siguientes procedimientos de evaluaci\u00f3n de la conformidad establecidos en el Anexo III:<\/p>\n\n\n\n<ul class=\"wp-block-list\">\n<li>Control interno de la producci\u00f3n combinado con controles oficiales de los equipos a presi\u00f3n realizados en intervalos aleatorios M\u00d3DULO A2.<\/li>\n\n\n\n<li>Examen UE de tipo &#8211; Tipo de producci\u00f3n &#8211; M\u00d3DULO B.<\/li>\n\n\n\n<li>Examen CE de tipo &#8211; Tipo de dise\u00f1o &#8211; M\u00d3DULO B.<\/li>\n\n\n\n<li>Conformidad con el tipo basada en el control interno de producci\u00f3n junto con pruebas de los equipos a presi\u00f3n bajo control oficial realizadas en intervalos aleatorios &#8211; M\u00d3DULO C2.<\/li>\n\n\n\n<li>Conformidad con el tipo basada en la garant\u00eda de calidad del proceso de producci\u00f3n &#8211; M\u00d3DULO D.<\/li>\n\n\n\n<li>La garant\u00eda de calidad del proceso de producci\u00f3n &#8211; M\u00d3DULO D1.<\/li>\n\n\n\n<li>Conformidad del tipo basada en la garant\u00eda de calidad de los equipos a presi\u00f3n &#8211; M\u00d3DULO E.<\/li>\n\n\n\n<li>Garant\u00eda de calidad de la inspecci\u00f3n y prueba de los equipos a presi\u00f3n acabados &#8211; M\u00d3DULO E1.<\/li>\n\n\n\n<li>Conformidad con el tipo basada en la verificaci\u00f3n de los equipos a presi\u00f3n &#8211; M\u00d3DULO F.<\/li>\n\n\n\n<li>Conformidad basada en la verificaci\u00f3n de la unidad &#8211; M\u00d3DULO G.<\/li>\n\n\n\n<li>Conformidad basada en el pleno aseguramiento de la calidad &#8211; M\u00d3DULO H.<\/li>\n\n\n\n<li>Conformidad basada en el aseguramiento de la calidad total con control del dise\u00f1o &#8211; M\u00d3DULO H1.<\/li>\n<\/ul>\n\n\n\n<p>Art\u00edculo 1 &#8211; \u00c1mbito de aplicaci\u00f3n<\/p>\n\n\n\n<ol class=\"wp-block-list\">\n<li>La presente Directiva se aplica al dise\u00f1o, la fabricaci\u00f3n y la evaluaci\u00f3n de la conformidad de los equipos a presi\u00f3n y de los conjuntos sometidos a una presi\u00f3n m\u00e1xima admisible PS superior a 0,5 bar.<\/li>\n\n\n\n<li>Quedan excluidos del \u00e1mbito de aplicaci\u00f3n de la presente Directiva:\n<ol class=\"wp-block-list\">\n<li>las tuber\u00edas que comprenden una tuber\u00eda o un sistema de tuber\u00edas para el transporte de cualquier fluido o sustancia hacia o desde una instalaci\u00f3n (ya sea en alta mar o en tierra firme) a partir del \u00faltimo dispositivo de aislamiento situado dentro del per\u00edmetro de la instalaci\u00f3n, incluido todo el equipo asociado dise\u00f1ado espec\u00edficamente para la tuber\u00eda. No obstante, no se excluyen los equipos a presi\u00f3n est\u00e1ndar, como los de las cabinas de salto de presi\u00f3n y las estaciones de refuerzo;<\/li>\n\n\n\n<li>redes de captaci\u00f3n, distribuci\u00f3n y evacuaci\u00f3n de agua y equipos conexos, as\u00ed como conducciones de agua motriz como compuertas, t\u00faneles y pozos de presi\u00f3n para centrales hidroel\u00e9ctricas y accesorios espec\u00edficos;<\/li>\n\n\n\n<li>recipientes a presi\u00f3n simples cubiertos por la Directiva 2014\/29\/UE del Parlamento Europeo y del Consejo (1);<\/li>\n\n\n\n<li>aerosoles, tal como se definen en la Directiva 75\/324\/CEE del Consejo (2);<\/li>\n\n\n\n<li>equipos destinados al funcionamiento de los veh\u00edculos definidos en los siguientes actos jur\u00eddicos:\n<ul class=\"wp-block-list\">\n<li>Directiva 2007\/46\/CE del Parlamento Europeo y del Consejo (3);<\/li>\n\n\n\n<li>Reglamento (UE) n.\u00ba 167\/2013 del Parlamento Europeo y del Consejo (1);<\/li>\n\n\n\n<li>Reglamento (UE) n\u00ba 168\/2013 del Parlamento Europeo y del Consejo (2);<\/li>\n<\/ul>\n<\/li>\n\n\n\n<li>equipos pertenecientes como m\u00e1ximo a la categor\u00eda I con arreglo al art\u00edculo 13 de la presente Directiva y cubiertos por una de las directivas siguientes:\n<ul class=\"wp-block-list\">\n<li>Directiva 2006\/42\/CE del Parlamento Europeo y del Consejo (3);<\/li>\n\n\n\n<li>Directiva 2014\/33\/UE del Parlamento Europeo y del Consejo (4);<\/li>\n\n\n\n<li>Directiva 2014\/35\/UE del Parlamento Europeo y del Consejo (5);<\/li>\n\n\n\n<li>Directiva 93\/42\/CEE del Consejo (6);<\/li>\n\n\n\n<li>Directiva 2009\/142\/CE del Parlamento Europeo y del Consejo (7);<\/li>\n\n\n\n<li>Directiva 2014\/34\/UE del Parlamento Europeo y del Consejo (8);<\/li>\n<\/ul>\n<\/li>\n\n\n\n<li>los equipos contemplados en el art\u00edculo 346, apartado 1, letra b), del TFUE;<\/li>\n\n\n\n<li>equipos dise\u00f1ados espec\u00edficamente para uso nuclear que, en caso de aver\u00eda, pueden provocar emisiones de radiactividad;<\/li>\n\n\n\n<li>Equipos para el control de pozos en la industria de exploraci\u00f3n y extracci\u00f3n de petr\u00f3leo, gas o geotermia, as\u00ed como en el almacenamiento subterr\u00e1neo, y destinados a contener y\/o controlar la presi\u00f3n del pozo. Esto incluye la cabeza de pozo (\u00e1rbol de Navidad), los tapones de seguridad (BOP), las tuber\u00edas y los colectores y sus equipos aguas arriba;<\/li>\n\n\n\n<li>los equipos que comprenden c\u00e1rteres o mecanismos en los que el dimensionamiento, la elecci\u00f3n de los materiales y las normas de construcci\u00f3n est\u00e1n motivados esencialmente por criterios de resistencia, rigidez y estabilidad frente a los efectos est\u00e1ticos y din\u00e1micos de funcionamiento, o por otros criterios relacionados con su funcionamiento, y para los que la presi\u00f3n no es un factor significativo a nivel de dise\u00f1o, tales como:\n<ul class=\"wp-block-list\">\n<li>motores, incluidas las turbinas y los motores de combusti\u00f3n interna;<\/li>\n\n\n\n<li>m\u00e1quinas de vapor, turbinas de gas o vapor, turbogeneradores, compresores, bombas y actuadores;<\/li>\n<\/ul>\n<\/li>\n\n\n\n<li>Altos hornos, incluidos los sistemas de refrigeraci\u00f3n de hornos, recuperaci\u00f3n de aire caliente, extracci\u00f3n de polvo y dispositivos de limpieza de gases de combusti\u00f3n para altos hornos y cubilotes de reducci\u00f3n directa, incluido el sistema de refrigeraci\u00f3n de hornos, convertidores de gas y recipientes para la fusi\u00f3n, refundici\u00f3n, desgasificaci\u00f3n y colada de acero, hierro y metales no f\u00e9rreos;<\/li>\n\n\n\n<li>carcasas para equipos de alta tensi\u00f3n como disyuntores, dispositivos de control, transformadores y maquinaria rotativa;<\/li>\n\n\n\n<li>carcasas presurizadas que envuelven elementos del sistema de transmisi\u00f3n, como cables el\u00e9ctricos y telef\u00f3nicos;<\/li>\n\n\n\n<li>buques, cohetes, aeronaves o unidades m\u00f3viles offshore, as\u00ed como los equipos expresamente destinados a ser instalados a bordo de estos veh\u00edculos o para su propulsi\u00f3n;<\/li>\n\n\n\n<li>equipos a presi\u00f3n consistentes en una carcasa ligera, por ejemplo, neum\u00e1ticos, cojines de aire, pelotas y globos de juego, barcas hinchables y otros equipos a presi\u00f3n similares;<\/li>\n\n\n\n<li>los silenciadores de escape y de admisi\u00f3n;<\/li>\n\n\n\n<li>botellas o latas para bebidas gaseosas, destinadas al consumo final;<\/li>\n\n\n\n<li>recipientes destinados al transporte y distribuci\u00f3n de bebidas con un PS-V no superior a 500 bar-L y una presi\u00f3n m\u00e1xima admisible no superior a 7 bar;<\/li>\n\n\n\n<li>equipos cubiertos por las Directivas 2008\/68\/CE y 2010\/35\/UE y equipos cubiertos por el C\u00f3digo Mar\u00edtimo Internacional de Mercanc\u00edas Peligrosas y el Convenio de Aviaci\u00f3n Civil Internacional;<\/li>\n\n\n\n<li>radiadores y tuber\u00edas de los sistemas de calefacci\u00f3n por agua caliente;<\/li>\n\n\n\n<li>recipientes dise\u00f1ados para contener l\u00edquidos con una presi\u00f3n gaseosa por encima del l\u00edquido no superior a 0,5 bar.<\/li>\n<\/ol>\n<\/li>\n<\/ol>\n","protected":false},"excerpt":{"rendered":"<p>Directiva sobre Equipos a Presi\u00f3n (PED) &#8211; 2014\/68\/UE En general, para que un producto pueda ser comercializado libremente, es necesario que cumpla con los requisitos de seguridad establecidos por las directivas comunitarias y requeridos por normativas espec\u00edficas. Las directivas comunitarias establecen que, para determinados tipos de productos, el fabricante necesita una certificaci\u00f3n espec\u00edfica del producto [&hellip;]<\/p>\n","protected":false},"author":4,"featured_media":272,"parent":0,"menu_order":0,"comment_status":"closed","ping_status":"closed","template":"","meta":{"site-sidebar-layout":"default","site-content-layout":"","ast-site-content-layout":"default","site-content-style":"default","site-sidebar-style":"default","ast-global-header-display":"","ast-banner-title-visibility":"","ast-main-header-display":"","ast-hfb-above-header-display":"","ast-hfb-below-header-display":"","ast-hfb-mobile-header-display":"","site-post-title":"disabled","ast-breadcrumbs-content":"","ast-featured-img":"","footer-sml-layout":"","ast-disable-related-posts":"","theme-transparent-header-meta":"","adv-header-id-meta":"","stick-header-meta":"","header-above-stick-meta":"","header-main-stick-meta":"","header-below-stick-meta":"","astra-migrate-meta-layouts":"default","ast-page-background-enabled":"default","ast-page-background-meta":{"desktop":{"background-color":"var(--ast-global-color-4)","background-image":"","background-repeat":"repeat","background-position":"center center","background-size":"auto","background-attachment":"scroll","background-type":"","background-media":"","overlay-type":"","overlay-color":"","overlay-opacity":"","overlay-gradient":""},"tablet":{"background-color":"","background-image":"","background-repeat":"repeat","background-position":"center center","background-size":"auto","background-attachment":"scroll","background-type":"","background-media":"","overlay-type":"","overlay-color":"","overlay-opacity":"","overlay-gradient":""},"mobile":{"background-color":"","background-image":"","background-repeat":"repeat","background-position":"center center","background-size":"auto","background-attachment":"scroll","background-type":"","background-media":"","overlay-type":"","overlay-color":"","overlay-opacity":"","overlay-gradient":""}},"ast-content-background-meta":{"desktop":{"background-color":"var(--ast-global-color-5)","background-image":"","background-repeat":"repeat","background-position":"center center","background-size":"auto","background-attachment":"scroll","background-type":"","background-media":"","overlay-type":"","overlay-color":"","overlay-opacity":"","overlay-gradient":""},"tablet":{"background-color":"var(--ast-global-color-5)","background-image":"","background-repeat":"repeat","background-position":"center center","background-size":"auto","background-attachment":"scroll","background-type":"","background-media":"","overlay-type":"","overlay-color":"","overlay-opacity":"","overlay-gradient":""},"mobile":{"background-color":"var(--ast-global-color-5)","background-image":"","background-repeat":"repeat","background-position":"center center","background-size":"auto","background-attachment":"scroll","background-type":"","background-media":"","overlay-type":"","overlay-color":"","overlay-opacity":"","overlay-gradient":""}},"footnotes":""},"class_list":["post-254","page","type-page","status-publish","has-post-thumbnail","hentry"],"_links":{"self":[{"href":"https:\/\/svcertification.com\/peru\/wp-json\/wp\/v2\/pages\/254","targetHints":{"allow":["GET"]}}],"collection":[{"href":"https:\/\/svcertification.com\/peru\/wp-json\/wp\/v2\/pages"}],"about":[{"href":"https:\/\/svcertification.com\/peru\/wp-json\/wp\/v2\/types\/page"}],"author":[{"embeddable":true,"href":"https:\/\/svcertification.com\/peru\/wp-json\/wp\/v2\/users\/4"}],"replies":[{"embeddable":true,"href":"https:\/\/svcertification.com\/peru\/wp-json\/wp\/v2\/comments?post=254"}],"version-history":[{"count":0,"href":"https:\/\/svcertification.com\/peru\/wp-json\/wp\/v2\/pages\/254\/revisions"}],"wp:featuredmedia":[{"embeddable":true,"href":"https:\/\/svcertification.com\/peru\/wp-json\/wp\/v2\/media\/272"}],"wp:attachment":[{"href":"https:\/\/svcertification.com\/peru\/wp-json\/wp\/v2\/media?parent=254"}],"curies":[{"name":"wp","href":"https:\/\/api.w.org\/{rel}","templated":true}]}}