{"id":274,"date":"2023-05-10T10:57:24","date_gmt":"2023-05-10T08:57:24","guid":{"rendered":"https:\/\/svcertification.com\/peru\/?page_id=274"},"modified":"2023-05-10T17:17:54","modified_gmt":"2023-05-10T15:17:54","slug":"directiva-2014-33-ue-sobre-ascensores-y-componentes-de-seguridad-para-ascensores","status":"publish","type":"page","link":"https:\/\/svcertification.com\/peru\/directiva-2014-33-ue-sobre-ascensores-y-componentes-de-seguridad-para-ascensores\/","title":{"rendered":"Directiva 2014\/33\/UE sobre ascensores y componentes de seguridad para ascensores"},"content":{"rendered":"\n<h1 class=\"wp-block-heading\">Directiva 2014\/33\/UE sobre ascensores y componentes de seguridad para ascensores<\/h1>\n\n\n\n<p>En general, para que un producto pueda comercializarse libremente, debe cumplir los requisitos de seguridad establecidos por las directivas de la UE y exigidos por reglamentos espec\u00edficos. Las directivas de la UE establecen que, para determinados tipos de productos, el fabricante necesita una certificaci\u00f3n espec\u00edfica del propio producto antes de poder venderlo y comercializarlo.<br>Para obtener esta certificaci\u00f3n, es posible dirigirse a un Organismo Notificado, tomando as\u00ed la v\u00eda de la CERTIFICACI\u00d3N COGENTE.<br>Otros tipos de productos, sin embargo, no requieren una certificaci\u00f3n obligatoria. En este caso, el fabricante comercializa el producto bajo su responsabilidad, garantizando el cumplimiento de todos los requisitos legislativos estables.<\/p>\n\n\n\n<p>La Directiva 2014\/33\/UE, de 26 de febrero de 2014, de armonizaci\u00f3n de las legislaciones de los Estados miembros sobre ascensores y componentes de seguridad para ascensores, entr\u00f3 oficialmente en vigor el 20 de abril de 2016, sustituyendo definitivamente a la Directiva 95\/16\/CE del Parlamento Europeo y del Consejo, de 29 de junio de 1995.<br>La presente Directiva se aplica a los ascensores en servicio permanente en edificios y construcciones destinados al transporte de:<\/p>\n\n\n\n<ol class=\"wp-block-list\">\n<li>personas;<\/li>\n\n\n\n<li>personas y cosas;<\/li>\n\n\n\n<li>\u00fanicamente de mercanc\u00edas, si el transportista es accesible, es decir, una persona puede entrar en \u00e9l sin dificultad, y dispone de controles situados en el interior del transportista o al alcance de una persona que se encuentre en el interior del mismo.<\/li>\n<\/ol>\n\n\n\n<p>Tambi\u00e9n se aplicar\u00e1 a los componentes de seguridad para ascensores enumerados en el anexo III utilizados en los ascensores mencionados en el p\u00e1rrafo primero.<br>En general:<\/p>\n\n\n\n<ul class=\"wp-block-list\">\n<li>un ascensor s\u00f3lo podr\u00e1 comercializarse y ponerse en servicio si est\u00e1 correctamente instalado, ha sido objeto de un mantenimiento adecuado y se utiliza de acuerdo con el uso previsto y cumple los requisitos de la presente Directiva;<\/li>\n\n\n\n<li>los componentes de seguridad para ascensores s\u00f3lo podr\u00e1n comercializarse y ponerse en servicio si est\u00e1n correctamente montados, son objeto de un mantenimiento adecuado y se utilizan de acuerdo con su finalidad prevista, y si cumplen los requisitos de la presente Directiva.<\/li>\n<\/ul>\n\n\n\n<p>Cuando comercialicen un ascensor, los instaladores se asegurar\u00e1n de que ha sido dise\u00f1ado, fabricado, instalado y sometido a ensayo de conformidad con los requisitos esenciales de salud y seguridad establecidos en el anexo I.<br>Cuando comercialicen sus componentes de seguridad para ascensores, los fabricantes garantizar\u00e1n que han sido dise\u00f1ados y fabricados de conformidad con el apartado 2 del art\u00edculo 5.<br>En este contexto, puede ponerse en contacto con Vericert para los siguientes tipos de Certificaci\u00f3n CE de ascensores seg\u00fan el Decreto Presidencial 162\/99 y el Decreto Presidencial 214\/2010:<\/p>\n\n\n\n<ul class=\"wp-block-list\">\n<li>Certificaci\u00f3n CE conforme al anexo V<br><em>Examen final de los ascensores<\/em><\/li>\n\n\n\n<li>Certificaci\u00f3n CE conforme al anexo VIII<br><em>M\u00f3dulo G &#8211; Verificaci\u00f3n por unidad basada en la conformidad de los ascensores<\/em><\/li>\n\n\n\n<li>Certificaci\u00f3n expedida de conformidad con el apartado 1, letra a), del Decreto Presidencial 8\/2015<br><em>Instalaciones de excepci\u00f3n<\/em><\/li>\n<\/ul>\n","protected":false},"excerpt":{"rendered":"<p>Directiva 2014\/33\/UE sobre ascensores y componentes de seguridad para ascensores En general, para que un producto pueda comercializarse libremente, debe cumplir los requisitos de seguridad establecidos por las directivas de la UE y exigidos por reglamentos espec\u00edficos. Las directivas de la UE establecen que, para determinados tipos de productos, el fabricante necesita una certificaci\u00f3n espec\u00edfica [&hellip;]<\/p>\n","protected":false},"author":4,"featured_media":276,"parent":0,"menu_order":0,"comment_status":"closed","ping_status":"closed","template":"","meta":{"site-sidebar-layout":"default","site-content-layout":"","ast-site-content-layout":"default","site-content-style":"default","site-sidebar-style":"default","ast-global-header-display":"","ast-banner-title-visibility":"","ast-main-header-display":"","ast-hfb-above-header-display":"","ast-hfb-below-header-display":"","ast-hfb-mobile-header-display":"","site-post-title":"disabled","ast-breadcrumbs-content":"","ast-featured-img":"","footer-sml-layout":"","ast-disable-related-posts":"","theme-transparent-header-meta":"","adv-header-id-meta":"","stick-header-meta":"","header-above-stick-meta":"","header-main-stick-meta":"","header-below-stick-meta":"","astra-migrate-meta-layouts":"default","ast-page-background-enabled":"default","ast-page-background-meta":{"desktop":{"background-color":"var(--ast-global-color-4)","background-image":"","background-repeat":"repeat","background-position":"center center","background-size":"auto","background-attachment":"scroll","background-type":"","background-media":"","overlay-type":"","overlay-color":"","overlay-opacity":"","overlay-gradient":""},"tablet":{"background-color":"","background-image":"","background-repeat":"repeat","background-position":"center center","background-size":"auto","background-attachment":"scroll","background-type":"","background-media":"","overlay-type":"","overlay-color":"","overlay-opacity":"","overlay-gradient":""},"mobile":{"background-color":"","background-image":"","background-repeat":"repeat","background-position":"center center","background-size":"auto","background-attachment":"scroll","background-type":"","background-media":"","overlay-type":"","overlay-color":"","overlay-opacity":"","overlay-gradient":""}},"ast-content-background-meta":{"desktop":{"background-color":"var(--ast-global-color-5)","background-image":"","background-repeat":"repeat","background-position":"center center","background-size":"auto","background-attachment":"scroll","background-type":"","background-media":"","overlay-type":"","overlay-color":"","overlay-opacity":"","overlay-gradient":""},"tablet":{"background-color":"var(--ast-global-color-5)","background-image":"","background-repeat":"repeat","background-position":"center center","background-size":"auto","background-attachment":"scroll","background-type":"","background-media":"","overlay-type":"","overlay-color":"","overlay-opacity":"","overlay-gradient":""},"mobile":{"background-color":"var(--ast-global-color-5)","background-image":"","background-repeat":"repeat","background-position":"center center","background-size":"auto","background-attachment":"scroll","background-type":"","background-media":"","overlay-type":"","overlay-color":"","overlay-opacity":"","overlay-gradient":""}},"footnotes":""},"class_list":["post-274","page","type-page","status-publish","has-post-thumbnail","hentry"],"_links":{"self":[{"href":"https:\/\/svcertification.com\/peru\/wp-json\/wp\/v2\/pages\/274","targetHints":{"allow":["GET"]}}],"collection":[{"href":"https:\/\/svcertification.com\/peru\/wp-json\/wp\/v2\/pages"}],"about":[{"href":"https:\/\/svcertification.com\/peru\/wp-json\/wp\/v2\/types\/page"}],"author":[{"embeddable":true,"href":"https:\/\/svcertification.com\/peru\/wp-json\/wp\/v2\/users\/4"}],"replies":[{"embeddable":true,"href":"https:\/\/svcertification.com\/peru\/wp-json\/wp\/v2\/comments?post=274"}],"version-history":[{"count":0,"href":"https:\/\/svcertification.com\/peru\/wp-json\/wp\/v2\/pages\/274\/revisions"}],"wp:featuredmedia":[{"embeddable":true,"href":"https:\/\/svcertification.com\/peru\/wp-json\/wp\/v2\/media\/276"}],"wp:attachment":[{"href":"https:\/\/svcertification.com\/peru\/wp-json\/wp\/v2\/media?parent=274"}],"curies":[{"name":"wp","href":"https:\/\/api.w.org\/{rel}","templated":true}]}}